{"id":215,"date":"2016-01-14T12:09:00","date_gmt":"2016-01-14T12:09:00","guid":{"rendered":"http:\/\/www.icog.es\/geologosdelmundo\/?page_id=215"},"modified":"2016-01-19T16:35:08","modified_gmt":"2016-01-19T16:35:08","slug":"proyecto-construccion-de-la-escuela-publica-cristobal-vega-ortega-parroquia-de-picaihua","status":"publish","type":"page","link":"https:\/\/www.icog.es\/geologosdelmundo\/index.php\/proyecto-construccion-de-la-escuela-publica-cristobal-vega-ortega-parroquia-de-picaihua\/","title":{"rendered":"Proyecto | Construcci\u00f3n de la escuela p\u00fablica \u00abCristobal Vega Ortega\u00bb Parroquia de Picaihua"},"content":{"rendered":"","protected":false},"excerpt":{"rendered":"","protected":false},"author":1,"featured_media":210,"parent":0,"menu_order":0,"comment_status":"closed","ping_status":"closed","template":"","meta":{"footnotes":""},"yoast_head":"<!-- This site is optimized with the Yoast SEO plugin v23.5 - https:\/\/yoast.com\/wordpress\/plugins\/seo\/ -->\r\n<title>Proyecto | Construcci\u00f3n de la escuela p\u00fablica &quot;Cristobal Vega Ortega&quot; Parroquia de Picaihua - Ge\u00f3logos del Mundo<\/title>\r\n<meta name=\"robots\" content=\"index, follow, max-snippet:-1, max-image-preview:large, max-video-preview:-1\" \/>\r\n<link rel=\"canonical\" href=\"https:\/\/www.icog.es\/geologosdelmundo\/index.php\/proyecto-construccion-de-la-escuela-publica-cristobal-vega-ortega-parroquia-de-picaihua\/\" \/>\r\n<meta property=\"og:locale\" content=\"es_ES\" \/>\r\n<meta property=\"og:type\" content=\"article\" \/>\r\n<meta property=\"og:title\" content=\"Construcci\u00f3n de la escuela p\u00fablica &quot;Cristobal Vega Ortega&quot; Parroquia de Picaihua\" \/>\r\n<meta property=\"og:url\" content=\"https:\/\/www.icog.es\/geologosdelmundo\/index.php\/proyecto-construccion-de-la-escuela-publica-cristobal-vega-ortega-parroquia-de-picaihua\/\" \/>\r\n<meta property=\"og:site_name\" content=\"Ge\u00f3logos del Mundo\" \/>\r\n<meta property=\"article:publisher\" content=\"https:\/\/www.facebook.com\/geologosdelmundo.worldgeologists\" \/>\r\n<meta property=\"article:modified_time\" content=\"2016-01-19T16:35:08+00:00\" \/>\r\n<meta property=\"og:image\" content=\"https:\/\/www.icog.es\/geologosdelmundo\/wp-content\/uploads\/2016\/01\/20-IMG-20140411-05319-e1452772734604.jpg\" \/>\r\n\t<meta property=\"og:image:width\" content=\"800\" \/>\r\n\t<meta property=\"og:image:height\" content=\"600\" \/>\r\n\t<meta property=\"og:image:type\" content=\"image\/jpeg\" \/>\r\n<meta name=\"twitter:card\" content=\"summary_large_image\" \/>\r\n<meta name=\"twitter:title\" content=\"Construcci\u00f3n de la escuela p\u00fablica &quot;Cristobal Vega Ortega&quot; Parroquia de Picaihua\" \/>\r\n<meta name=\"twitter:image\" content=\"https:\/\/www.icog.es\/geologosdelmundo\/wp-content\/uploads\/2016\/01\/20-IMG-20140411-05319-e1452772734604.jpg\" \/>\r\n<meta name=\"twitter:site\" content=\"@Geologos_Mundo\" \/>\r\n<script type=\"application\/ld+json\" class=\"yoast-schema-graph\">{\"@context\":\"https:\/\/schema.org\",\"@graph\":[{\"@type\":\"WebPage\",\"@id\":\"https:\/\/www.icog.es\/geologosdelmundo\/index.php\/proyecto-construccion-de-la-escuela-publica-cristobal-vega-ortega-parroquia-de-picaihua\/\",\"url\":\"https:\/\/www.icog.es\/geologosdelmundo\/index.php\/proyecto-construccion-de-la-escuela-publica-cristobal-vega-ortega-parroquia-de-picaihua\/\",\"name\":\"Proyecto | Construcci\u00f3n de la escuela p\u00fablica \\\"Cristobal Vega Ortega\\\" Parroquia de Picaihua - Ge\u00f3logos del Mundo\",\"isPartOf\":{\"@id\":\"https:\/\/www.icog.es\/geologosdelmundo\/#website\"},\"primaryImageOfPage\":{\"@id\":\"https:\/\/www.icog.es\/geologosdelmundo\/index.php\/proyecto-construccion-de-la-escuela-publica-cristobal-vega-ortega-parroquia-de-picaihua\/#primaryimage\"},\"image\":{\"@id\":\"https:\/\/www.icog.es\/geologosdelmundo\/index.php\/proyecto-construccion-de-la-escuela-publica-cristobal-vega-ortega-parroquia-de-picaihua\/#primaryimage\"},\"thumbnailUrl\":\"https:\/\/www.icog.es\/geologosdelmundo\/wp-content\/uploads\/2016\/01\/20-IMG-20140411-05319-e1452772734604.jpg\",\"datePublished\":\"2016-01-14T12:09:00+00:00\",\"dateModified\":\"2016-01-19T16:35:08+00:00\",\"breadcrumb\":{\"@id\":\"https:\/\/www.icog.es\/geologosdelmundo\/index.php\/proyecto-construccion-de-la-escuela-publica-cristobal-vega-ortega-parroquia-de-picaihua\/#breadcrumb\"},\"inLanguage\":\"es\",\"potentialAction\":[{\"@type\":\"ReadAction\",\"target\":[\"https:\/\/www.icog.es\/geologosdelmundo\/index.php\/proyecto-construccion-de-la-escuela-publica-cristobal-vega-ortega-parroquia-de-picaihua\/\"]}]},{\"@type\":\"ImageObject\",\"inLanguage\":\"es\",\"@id\":\"https:\/\/www.icog.es\/geologosdelmundo\/index.php\/proyecto-construccion-de-la-escuela-publica-cristobal-vega-ortega-parroquia-de-picaihua\/#primaryimage\",\"url\":\"https:\/\/www.icog.es\/geologosdelmundo\/wp-content\/uploads\/2016\/01\/20-IMG-20140411-05319-e1452772734604.jpg\",\"contentUrl\":\"https:\/\/www.icog.es\/geologosdelmundo\/wp-content\/uploads\/2016\/01\/20-IMG-20140411-05319-e1452772734604.jpg\",\"width\":800,\"height\":600},{\"@type\":\"BreadcrumbList\",\"@id\":\"https:\/\/www.icog.es\/geologosdelmundo\/index.php\/proyecto-construccion-de-la-escuela-publica-cristobal-vega-ortega-parroquia-de-picaihua\/#breadcrumb\",\"itemListElement\":[{\"@type\":\"ListItem\",\"position\":1,\"name\":\"Portada\",\"item\":\"https:\/\/www.icog.es\/geologosdelmundo\/\"},{\"@type\":\"ListItem\",\"position\":2,\"name\":\"Proyecto | Construcci\u00f3n de la escuela p\u00fablica \u00abCristobal Vega Ortega\u00bb Parroquia de Picaihua\"}]},{\"@type\":\"WebSite\",\"@id\":\"https:\/\/www.icog.es\/geologosdelmundo\/#website\",\"url\":\"https:\/\/www.icog.es\/geologosdelmundo\/\",\"name\":\"Ge\u00f3logos del Mundo\",\"description\":\"La ONG Ge\u00f3logos del Mundo es una organizaci\u00f3n no gubernamental sin \u00e1nimo de lucro, creada en Espa\u00f1a el a\u00f1o 1999.\",\"potentialAction\":[{\"@type\":\"SearchAction\",\"target\":{\"@type\":\"EntryPoint\",\"urlTemplate\":\"https:\/\/www.icog.es\/geologosdelmundo\/?s={search_term_string}\"},\"query-input\":{\"@type\":\"PropertyValueSpecification\",\"valueRequired\":true,\"valueName\":\"search_term_string\"}}],\"inLanguage\":\"es\"}]}<\/script>\r\n<!-- \/ Yoast SEO plugin. -->","yoast_head_json":{"title":"Proyecto | Construcci\u00f3n de la escuela p\u00fablica \"Cristobal Vega Ortega\" Parroquia de Picaihua - Ge\u00f3logos del Mundo","robots":{"index":"index","follow":"follow","max-snippet":"max-snippet:-1","max-image-preview":"max-image-preview:large","max-video-preview":"max-video-preview:-1"},"canonical":"https:\/\/www.icog.es\/geologosdelmundo\/index.php\/proyecto-construccion-de-la-escuela-publica-cristobal-vega-ortega-parroquia-de-picaihua\/","og_locale":"es_ES","og_type":"article","og_title":"Construcci\u00f3n de la escuela p\u00fablica \"Cristobal Vega Ortega\" Parroquia de Picaihua","og_url":"https:\/\/www.icog.es\/geologosdelmundo\/index.php\/proyecto-construccion-de-la-escuela-publica-cristobal-vega-ortega-parroquia-de-picaihua\/","og_site_name":"Ge\u00f3logos del Mundo","article_publisher":"https:\/\/www.facebook.com\/geologosdelmundo.worldgeologists","article_modified_time":"2016-01-19T16:35:08+00:00","og_image":[{"width":800,"height":600,"url":"https:\/\/www.icog.es\/geologosdelmundo\/wp-content\/uploads\/2016\/01\/20-IMG-20140411-05319-e1452772734604.jpg","type":"image\/jpeg"}],"twitter_card":"summary_large_image","twitter_title":"Construcci\u00f3n de la escuela p\u00fablica \"Cristobal Vega Ortega\" Parroquia de Picaihua","twitter_image":"https:\/\/www.icog.es\/geologosdelmundo\/wp-content\/uploads\/2016\/01\/20-IMG-20140411-05319-e1452772734604.jpg","twitter_site":"@Geologos_Mundo","schema":{"@context":"https:\/\/schema.org","@graph":[{"@type":"WebPage","@id":"https:\/\/www.icog.es\/geologosdelmundo\/index.php\/proyecto-construccion-de-la-escuela-publica-cristobal-vega-ortega-parroquia-de-picaihua\/","url":"https:\/\/www.icog.es\/geologosdelmundo\/index.php\/proyecto-construccion-de-la-escuela-publica-cristobal-vega-ortega-parroquia-de-picaihua\/","name":"Proyecto | Construcci\u00f3n de la escuela p\u00fablica \"Cristobal Vega Ortega\" Parroquia de Picaihua - Ge\u00f3logos del Mundo","isPartOf":{"@id":"https:\/\/www.icog.es\/geologosdelmundo\/#website"},"primaryImageOfPage":{"@id":"https:\/\/www.icog.es\/geologosdelmundo\/index.php\/proyecto-construccion-de-la-escuela-publica-cristobal-vega-ortega-parroquia-de-picaihua\/#primaryimage"},"image":{"@id":"https:\/\/www.icog.es\/geologosdelmundo\/index.php\/proyecto-construccion-de-la-escuela-publica-cristobal-vega-ortega-parroquia-de-picaihua\/#primaryimage"},"thumbnailUrl":"https:\/\/www.icog.es\/geologosdelmundo\/wp-content\/uploads\/2016\/01\/20-IMG-20140411-05319-e1452772734604.jpg","datePublished":"2016-01-14T12:09:00+00:00","dateModified":"2016-01-19T16:35:08+00:00","breadcrumb":{"@id":"https:\/\/www.icog.es\/geologosdelmundo\/index.php\/proyecto-construccion-de-la-escuela-publica-cristobal-vega-ortega-parroquia-de-picaihua\/#breadcrumb"},"inLanguage":"es","potentialAction":[{"@type":"ReadAction","target":["https:\/\/www.icog.es\/geologosdelmundo\/index.php\/proyecto-construccion-de-la-escuela-publica-cristobal-vega-ortega-parroquia-de-picaihua\/"]}]},{"@type":"ImageObject","inLanguage":"es","@id":"https:\/\/www.icog.es\/geologosdelmundo\/index.php\/proyecto-construccion-de-la-escuela-publica-cristobal-vega-ortega-parroquia-de-picaihua\/#primaryimage","url":"https:\/\/www.icog.es\/geologosdelmundo\/wp-content\/uploads\/2016\/01\/20-IMG-20140411-05319-e1452772734604.jpg","contentUrl":"https:\/\/www.icog.es\/geologosdelmundo\/wp-content\/uploads\/2016\/01\/20-IMG-20140411-05319-e1452772734604.jpg","width":800,"height":600},{"@type":"BreadcrumbList","@id":"https:\/\/www.icog.es\/geologosdelmundo\/index.php\/proyecto-construccion-de-la-escuela-publica-cristobal-vega-ortega-parroquia-de-picaihua\/#breadcrumb","itemListElement":[{"@type":"ListItem","position":1,"name":"Portada","item":"https:\/\/www.icog.es\/geologosdelmundo\/"},{"@type":"ListItem","position":2,"name":"Proyecto | Construcci\u00f3n de la escuela p\u00fablica \u00abCristobal Vega Ortega\u00bb Parroquia de Picaihua"}]},{"@type":"WebSite","@id":"https:\/\/www.icog.es\/geologosdelmundo\/#website","url":"https:\/\/www.icog.es\/geologosdelmundo\/","name":"Ge\u00f3logos del Mundo","description":"La ONG Ge\u00f3logos del Mundo es una organizaci\u00f3n no gubernamental sin \u00e1nimo de lucro, creada en Espa\u00f1a el a\u00f1o 1999.","potentialAction":[{"@type":"SearchAction","target":{"@type":"EntryPoint","urlTemplate":"https:\/\/www.icog.es\/geologosdelmundo\/?s={search_term_string}"},"query-input":{"@type":"PropertyValueSpecification","valueRequired":true,"valueName":"search_term_string"}}],"inLanguage":"es"}]}},"_links":{"self":[{"href":"https:\/\/www.icog.es\/geologosdelmundo\/index.php\/wp-json\/wp\/v2\/pages\/215"}],"collection":[{"href":"https:\/\/www.icog.es\/geologosdelmundo\/index.php\/wp-json\/wp\/v2\/pages"}],"about":[{"href":"https:\/\/www.icog.es\/geologosdelmundo\/index.php\/wp-json\/wp\/v2\/types\/page"}],"author":[{"embeddable":true,"href":"https:\/\/www.icog.es\/geologosdelmundo\/index.php\/wp-json\/wp\/v2\/users\/1"}],"replies":[{"embeddable":true,"href":"https:\/\/www.icog.es\/geologosdelmundo\/index.php\/wp-json\/wp\/v2\/comments?post=215"}],"version-history":[{"count":1,"href":"https:\/\/www.icog.es\/geologosdelmundo\/index.php\/wp-json\/wp\/v2\/pages\/215\/revisions"}],"predecessor-version":[{"id":216,"href":"https:\/\/www.icog.es\/geologosdelmundo\/index.php\/wp-json\/wp\/v2\/pages\/215\/revisions\/216"}],"wp:featuredmedia":[{"embeddable":true,"href":"https:\/\/www.icog.es\/geologosdelmundo\/index.php\/wp-json\/wp\/v2\/media\/210"}],"wp:attachment":[{"href":"https:\/\/www.icog.es\/geologosdelmundo\/index.php\/wp-json\/wp\/v2\/media?parent=215"}],"curies":[{"name":"wp","href":"https:\/\/api.w.org\/{rel}","templated":true}]}}