{"id":1497,"date":"2020-10-06T12:15:21","date_gmt":"2020-10-06T12:15:21","guid":{"rendered":"https:\/\/www.icog.es\/geologosdelmundo\/?page_id=1497"},"modified":"2022-01-31T12:40:38","modified_gmt":"2022-01-31T10:40:38","slug":"nota-legal","status":"publish","type":"page","link":"https:\/\/www.icog.es\/geologosdelmundo\/index.php\/nota-legal\/","title":{"rendered":"Nota legal"},"content":{"rendered":"\n<p><br>Bienvenido\/a a http:\/\/www.icog.es\/geologosdelmundo\/, Web de titularidad de Ge\u00f3logos del Mundo (en adelante referida como GM.es). Debe saber que la mera navegaci\u00f3n por este sitio web te atribuye la condici\u00f3n de usuario y supone que aceptas plenamente todas y cada una de las Condiciones que se indican a continuaci\u00f3n y que regulan su uso.<br>1) Aceptaci\u00f3n de las Condiciones de uso correcto de GM.es<br>Como usuario, te comprometes a utilizar GM.es, sus contenidos y servicios de conformidad con las presentes Condiciones, el principio de buena fe, las buenas costumbres, el orden p\u00fablico y con respeto a la legalidad vigente. Asimismo, te comprometes a no utilizar la web y los servicios que se presten en \u00e9l con fines o efectos l\u00edcitos o contrarios a estas Condiciones, perjudicial de los intereses o derechos de terceros, o que de cualquier forma puedan da\u00f1ar, inutilizar, deteriorar o impedir el normal disfrute por otros usuarios, siendo el \u00fanico responsable de las infracciones en las que se pudiera incurrir, o de los prejuicios que se pudieran causar por el incorrecto uso de la web, eximiendo a los titulares de GM.es.<br>Comentarios: GM.es se reserva el derecho de eliminar aquel contenido que pueda ser considerado discriminatorio por raz\u00f3n de raza, sexo, religi\u00f3n, opini\u00f3n, nacionalidad, discapacidad o cualquier otra circunstancia personal o social, siendo motivo suficiente para eliminar tu cuenta.<br>En el supuesto de que existan servicios sometidos a Condiciones particulares que puedan sustituir, modificar o completar las presentes, el usuario ser\u00e1 debidamente informado.<br>2) Protecci\u00f3n de Datos Personales y env\u00edo de comunicaciones comerciales<br>GM.es se compromete a cumplir en todo momento la Ley Org\u00e1nica 15\/1999 del 13 de diciembre, de Protecci\u00f3n de Datos de Car\u00e1cter Personal (LOPD), as\u00ed como la Ley de Servicios de la Sociedad de la Informaci\u00f3n y Comercio Electr\u00f3nico, del 11 de julio de 2002 (LSSICE) y la normativa que las desarrolle.<br>Puedes consultar aqu\u00ed nuestra <a href=\"https:\/\/www.icog.es\/geologosdelmundo\/index.php\/politica-de-privacidad\/\">POL\u00cdTICA DE PRIVACIDA<\/a>D<br>Puedes consultar aqu\u00ed nuestra <a href=\"https:\/\/www.icog.es\/geologosdelmundo\/index.php\/politica-de-cookies\/\">POL\u00cdTICA DE COOKIE<\/a>S <br>Ejemplo de Nota legal para Ge\u00f3logos del Mundo<br>3) Propiedad Intelectual e Industrial<br>Todos los contenidos de esta web, salvo que expresamente se indique lo contrario, son titularidad exclusiva de GM.es. Con car\u00e1cter enunciativo y no limitativo, os textos, programas, c\u00f3digo de fuente, gr\u00e1ficos, ilustraciones, sonidos, fotograf\u00edas, material t\u00e9cnico de cualquier orden, logotipos, im\u00e1genes, signos distintivos o marcas y dise\u00f1os gr\u00e1ficos est\u00e1n protegidos por derechos de propiedad intelectual o industrial.<br>4) Links<br>El sitio web puede albergar enlaces o links que deriven otros sitios web gestionados por terceros. GM.es declina cualquier responsabilidad respecto a la informaci\u00f3n que se halle fuera de GM.es, ya que la funci\u00f3n de los links que aparecen es \u00fanicamente la de informar sobre la existencia de otras fuentes de informaci\u00f3n. El titular queda exonerado de toda responsabilidad por el correcto funcionamiento de los enlaces o links, del resultado obtenido a trav\u00e9s de los mismos, de la veracidad y licitud del contenido o informaci\u00f3n a la que puede acceder, as\u00ed como de los prejuicios que puedas sufrir en la informaci\u00f3n encontrada o descargada de la web enlazada.<br>5) Pol\u00edtica de comentarios<br>GM.es velar\u00e1 para que los comentarios o cualquiera de los contenidos publicados por terceros, no sea il\u00edcito, difamatorio, obsceno, pornogr\u00e1fico, amenazante, discriminatorio, incite a realizar actos ilegales, o que de cualquier otra forma perjudique a Ge\u00f3logos del Mundo o a terceros. Asimismo, GM.es podr\u00e1 eliminar cualquier contenido que no se ajuste a estas Condiciones legales o al derecho.<br>6) Modificaciones de las Condiciones de Uso<br>GM.es se reserva el derecho a modificar, desarrollar o actualizar en cualquier momento y sin previa notificaci\u00f3n las presentes Condiciones de Uso. Como usuario de esta web, quedas obligado autom\u00e1ticamente por las Condiciones que est\u00e9n vigentes en el momento en que accedas al mismo. Te recomendamos que leas peri\u00f3dicamente las Condiciones que se encuentran en el enlace de Nota Legal al pie de la p\u00e1gina principal de GM.es para disponer de la versi\u00f3n actualizada.<br>7) Legislaci\u00f3n aplicable y competencia jurisdiccional<br>Todas las controversias o reclamaciones surgidas de la interpretaci\u00f3n o ejecuci\u00f3n de las presentes Condiciones, se regir\u00e1n por la legislaci\u00f3n espa\u00f1ola y se someter\u00e1 a la jurisdicci\u00f3n de los Juzgados y Tribunales de Madrid.<br>Ejemplo de Nota legal para Ge\u00f3logos del Mundo<br>8) Informaci\u00f3n general sobre el titular del sitio web<br>Denominaci\u00f3n social: GE\u00d3LOGOS DEL MUNDO<br>CIF: G82254285<br>Domicilio social: C\/Raquel Meller, 7 Local, Madrid 28027<br>Datos registrales: \u00bf?<br>Email de contacto: geologosdelmundo@icog.es o worldgeologists@icog.es<br>Tel\u00e9fono de contacto: +34 91 553 24 03<\/p>\n","protected":false},"excerpt":{"rendered":"<p>Bienvenido\/a a http:\/\/www.icog.es\/geologosdelmundo\/, Web de titularidad de Ge\u00f3logos del Mundo (en adelante referida como GM.es). Debe saber que la mera navegaci\u00f3n por este sitio web te atribuye la condici\u00f3n de usuario y supone que aceptas plenamente todas y cada una de las Condiciones que se indican a continuaci\u00f3n y que regulan su uso.1) Aceptaci\u00f3n de<\/p>\n","protected":false},"author":2,"featured_media":0,"parent":0,"menu_order":0,"comment_status":"closed","ping_status":"closed","template":"","meta":{"footnotes":""},"yoast_head":"<!-- This site is optimized with the Yoast SEO plugin v23.5 - https:\/\/yoast.com\/wordpress\/plugins\/seo\/ -->\r\n<title>Nota legal - Ge\u00f3logos del Mundo<\/title>\r\n<meta name=\"robots\" content=\"index, follow, max-snippet:-1, max-image-preview:large, max-video-preview:-1\" \/>\r\n<link rel=\"canonical\" href=\"https:\/\/www.icog.es\/geologosdelmundo\/index.php\/nota-legal\/\" \/>\r\n<meta property=\"og:locale\" content=\"es_ES\" \/>\r\n<meta property=\"og:type\" content=\"article\" \/>\r\n<meta property=\"og:title\" content=\"Nota legal - Ge\u00f3logos del Mundo\" \/>\r\n<meta property=\"og:description\" content=\"Bienvenido\/a a http:\/\/www.icog.es\/geologosdelmundo\/, Web de titularidad de Ge\u00f3logos del Mundo (en adelante referida como GM.es). Debe saber que la mera navegaci\u00f3n por este sitio web te atribuye la condici\u00f3n de usuario y supone que aceptas plenamente todas y cada una de las Condiciones que se indican a continuaci\u00f3n y que regulan su uso.1) Aceptaci\u00f3n de\" \/>\r\n<meta property=\"og:url\" content=\"https:\/\/www.icog.es\/geologosdelmundo\/index.php\/nota-legal\/\" \/>\r\n<meta property=\"og:site_name\" content=\"Ge\u00f3logos del Mundo\" \/>\r\n<meta property=\"article:publisher\" content=\"https:\/\/www.facebook.com\/geologosdelmundo.worldgeologists\" \/>\r\n<meta property=\"article:modified_time\" content=\"2022-01-31T10:40:38+00:00\" \/>\r\n<meta name=\"twitter:card\" content=\"summary_large_image\" \/>\r\n<meta name=\"twitter:site\" content=\"@Geologos_Mundo\" \/>\r\n<meta name=\"twitter:label1\" content=\"Tiempo de lectura\" \/>\n\t<meta name=\"twitter:data1\" content=\"4 minutos\" \/>\r\n<script type=\"application\/ld+json\" class=\"yoast-schema-graph\">{\"@context\":\"https:\/\/schema.org\",\"@graph\":[{\"@type\":\"WebPage\",\"@id\":\"https:\/\/www.icog.es\/geologosdelmundo\/index.php\/nota-legal\/\",\"url\":\"https:\/\/www.icog.es\/geologosdelmundo\/index.php\/nota-legal\/\",\"name\":\"Nota legal - Ge\u00f3logos del Mundo\",\"isPartOf\":{\"@id\":\"https:\/\/www.icog.es\/geologosdelmundo\/#website\"},\"datePublished\":\"2020-10-06T12:15:21+00:00\",\"dateModified\":\"2022-01-31T10:40:38+00:00\",\"breadcrumb\":{\"@id\":\"https:\/\/www.icog.es\/geologosdelmundo\/index.php\/nota-legal\/#breadcrumb\"},\"inLanguage\":\"es\",\"potentialAction\":[{\"@type\":\"ReadAction\",\"target\":[\"https:\/\/www.icog.es\/geologosdelmundo\/index.php\/nota-legal\/\"]}]},{\"@type\":\"BreadcrumbList\",\"@id\":\"https:\/\/www.icog.es\/geologosdelmundo\/index.php\/nota-legal\/#breadcrumb\",\"itemListElement\":[{\"@type\":\"ListItem\",\"position\":1,\"name\":\"Portada\",\"item\":\"https:\/\/www.icog.es\/geologosdelmundo\/\"},{\"@type\":\"ListItem\",\"position\":2,\"name\":\"Nota legal\"}]},{\"@type\":\"WebSite\",\"@id\":\"https:\/\/www.icog.es\/geologosdelmundo\/#website\",\"url\":\"https:\/\/www.icog.es\/geologosdelmundo\/\",\"name\":\"Ge\u00f3logos del Mundo\",\"description\":\"La ONG Ge\u00f3logos del Mundo es una organizaci\u00f3n no gubernamental sin \u00e1nimo de lucro, creada en Espa\u00f1a el a\u00f1o 1999.\",\"potentialAction\":[{\"@type\":\"SearchAction\",\"target\":{\"@type\":\"EntryPoint\",\"urlTemplate\":\"https:\/\/www.icog.es\/geologosdelmundo\/?s={search_term_string}\"},\"query-input\":{\"@type\":\"PropertyValueSpecification\",\"valueRequired\":true,\"valueName\":\"search_term_string\"}}],\"inLanguage\":\"es\"}]}<\/script>\r\n<!-- \/ Yoast SEO plugin. -->","yoast_head_json":{"title":"Nota legal - Ge\u00f3logos del Mundo","robots":{"index":"index","follow":"follow","max-snippet":"max-snippet:-1","max-image-preview":"max-image-preview:large","max-video-preview":"max-video-preview:-1"},"canonical":"https:\/\/www.icog.es\/geologosdelmundo\/index.php\/nota-legal\/","og_locale":"es_ES","og_type":"article","og_title":"Nota legal - Ge\u00f3logos del Mundo","og_description":"Bienvenido\/a a http:\/\/www.icog.es\/geologosdelmundo\/, Web de titularidad de Ge\u00f3logos del Mundo (en adelante referida como GM.es). Debe saber que la mera navegaci\u00f3n por este sitio web te atribuye la condici\u00f3n de usuario y supone que aceptas plenamente todas y cada una de las Condiciones que se indican a continuaci\u00f3n y que regulan su uso.1) Aceptaci\u00f3n de","og_url":"https:\/\/www.icog.es\/geologosdelmundo\/index.php\/nota-legal\/","og_site_name":"Ge\u00f3logos del Mundo","article_publisher":"https:\/\/www.facebook.com\/geologosdelmundo.worldgeologists","article_modified_time":"2022-01-31T10:40:38+00:00","twitter_card":"summary_large_image","twitter_site":"@Geologos_Mundo","twitter_misc":{"Tiempo de lectura":"4 minutos"},"schema":{"@context":"https:\/\/schema.org","@graph":[{"@type":"WebPage","@id":"https:\/\/www.icog.es\/geologosdelmundo\/index.php\/nota-legal\/","url":"https:\/\/www.icog.es\/geologosdelmundo\/index.php\/nota-legal\/","name":"Nota legal - Ge\u00f3logos del Mundo","isPartOf":{"@id":"https:\/\/www.icog.es\/geologosdelmundo\/#website"},"datePublished":"2020-10-06T12:15:21+00:00","dateModified":"2022-01-31T10:40:38+00:00","breadcrumb":{"@id":"https:\/\/www.icog.es\/geologosdelmundo\/index.php\/nota-legal\/#breadcrumb"},"inLanguage":"es","potentialAction":[{"@type":"ReadAction","target":["https:\/\/www.icog.es\/geologosdelmundo\/index.php\/nota-legal\/"]}]},{"@type":"BreadcrumbList","@id":"https:\/\/www.icog.es\/geologosdelmundo\/index.php\/nota-legal\/#breadcrumb","itemListElement":[{"@type":"ListItem","position":1,"name":"Portada","item":"https:\/\/www.icog.es\/geologosdelmundo\/"},{"@type":"ListItem","position":2,"name":"Nota legal"}]},{"@type":"WebSite","@id":"https:\/\/www.icog.es\/geologosdelmundo\/#website","url":"https:\/\/www.icog.es\/geologosdelmundo\/","name":"Ge\u00f3logos del Mundo","description":"La ONG Ge\u00f3logos del Mundo es una organizaci\u00f3n no gubernamental sin \u00e1nimo de lucro, creada en Espa\u00f1a el a\u00f1o 1999.","potentialAction":[{"@type":"SearchAction","target":{"@type":"EntryPoint","urlTemplate":"https:\/\/www.icog.es\/geologosdelmundo\/?s={search_term_string}"},"query-input":{"@type":"PropertyValueSpecification","valueRequired":true,"valueName":"search_term_string"}}],"inLanguage":"es"}]}},"_links":{"self":[{"href":"https:\/\/www.icog.es\/geologosdelmundo\/index.php\/wp-json\/wp\/v2\/pages\/1497"}],"collection":[{"href":"https:\/\/www.icog.es\/geologosdelmundo\/index.php\/wp-json\/wp\/v2\/pages"}],"about":[{"href":"https:\/\/www.icog.es\/geologosdelmundo\/index.php\/wp-json\/wp\/v2\/types\/page"}],"author":[{"embeddable":true,"href":"https:\/\/www.icog.es\/geologosdelmundo\/index.php\/wp-json\/wp\/v2\/users\/2"}],"replies":[{"embeddable":true,"href":"https:\/\/www.icog.es\/geologosdelmundo\/index.php\/wp-json\/wp\/v2\/comments?post=1497"}],"version-history":[{"count":3,"href":"https:\/\/www.icog.es\/geologosdelmundo\/index.php\/wp-json\/wp\/v2\/pages\/1497\/revisions"}],"predecessor-version":[{"id":2037,"href":"https:\/\/www.icog.es\/geologosdelmundo\/index.php\/wp-json\/wp\/v2\/pages\/1497\/revisions\/2037"}],"wp:attachment":[{"href":"https:\/\/www.icog.es\/geologosdelmundo\/index.php\/wp-json\/wp\/v2\/media?parent=1497"}],"curies":[{"name":"wp","href":"https:\/\/api.w.org\/{rel}","templated":true}]}}