{"id":1317,"date":"2020-07-02T18:11:13","date_gmt":"2020-07-02T18:11:13","guid":{"rendered":"https:\/\/www.icog.es\/geologosdelmundo\/?page_id=1317"},"modified":"2020-07-02T20:18:33","modified_gmt":"2020-07-02T20:18:33","slug":"plan-de-igualdad","status":"publish","type":"page","link":"https:\/\/www.icog.es\/geologosdelmundo\/index.php\/plan-de-igualdad\/","title":{"rendered":"Plan de igualdad"},"content":{"rendered":"\n<p>Este Plan de Igualdad nace con el objetivo de garantizar la igualdad real y efectiva de oportunidades entre mujeres y hombres. Para ello, el Plan de Igualdad contempla las actuales medidas que son de aplicaci\u00f3n en GM y propone una serie de medidas adicionales. Cualquier necesidad no contemplada en este plan ser\u00e1 tratada por la Junta Directiva.<\/p>\n\n\n\n<p><strong><a href=\"https:\/\/www.icog.es\/geologosdelmundo\/wp-content\/uploads\/2020\/07\/Plan-de-Igualdad-de-GM.pdf\" target=\"_blank\" rel=\"noreferrer noopener\" aria-label=\"Descargar documento (opens in a new tab)\">Descargar documento<\/a><\/strong><\/p>\n","protected":false},"excerpt":{"rendered":"<p>Este Plan de Igualdad nace con el objetivo de garantizar la igualdad real y efectiva de oportunidades entre mujeres y hombres. Para ello, el Plan de Igualdad contempla las actuales medidas que son de aplicaci\u00f3n en GM y propone una serie de medidas adicionales. Cualquier necesidad no contemplada en este plan ser\u00e1 tratada por la<\/p>\n","protected":false},"author":2,"featured_media":1339,"parent":0,"menu_order":0,"comment_status":"closed","ping_status":"closed","template":"","meta":{"footnotes":""},"yoast_head":"<!-- This site is optimized with the Yoast SEO plugin v23.5 - https:\/\/yoast.com\/wordpress\/plugins\/seo\/ -->\r\n<title>Plan de igualdad - Ge\u00f3logos del Mundo<\/title>\r\n<meta name=\"robots\" content=\"index, follow, max-snippet:-1, max-image-preview:large, max-video-preview:-1\" \/>\r\n<link rel=\"canonical\" href=\"https:\/\/www.icog.es\/geologosdelmundo\/index.php\/plan-de-igualdad\/\" \/>\r\n<meta property=\"og:locale\" content=\"es_ES\" \/>\r\n<meta property=\"og:type\" content=\"article\" \/>\r\n<meta property=\"og:title\" content=\"Plan de igualdad - Ge\u00f3logos del Mundo\" \/>\r\n<meta property=\"og:description\" content=\"Este Plan de Igualdad nace con el objetivo de garantizar la igualdad real y efectiva de oportunidades entre mujeres y hombres. Para ello, el Plan de Igualdad contempla las actuales medidas que son de aplicaci\u00f3n en GM y propone una serie de medidas adicionales. Cualquier necesidad no contemplada en este plan ser\u00e1 tratada por la\" \/>\r\n<meta property=\"og:url\" content=\"https:\/\/www.icog.es\/geologosdelmundo\/index.php\/plan-de-igualdad\/\" \/>\r\n<meta property=\"og:site_name\" content=\"Ge\u00f3logos del Mundo\" \/>\r\n<meta property=\"article:publisher\" content=\"https:\/\/www.facebook.com\/geologosdelmundo.worldgeologists\" \/>\r\n<meta property=\"article:modified_time\" content=\"2020-07-02T20:18:33+00:00\" \/>\r\n<meta property=\"og:image\" content=\"https:\/\/www.icog.es\/geologosdelmundo\/wp-content\/uploads\/2020\/07\/proy_156_mujeres_trillando_sanluis_senegal.jpg\" \/>\r\n\t<meta property=\"og:image:width\" content=\"1010\" \/>\r\n\t<meta property=\"og:image:height\" content=\"414\" \/>\r\n\t<meta property=\"og:image:type\" content=\"image\/jpeg\" \/>\r\n<meta name=\"twitter:card\" content=\"summary_large_image\" \/>\r\n<meta name=\"twitter:site\" content=\"@Geologos_Mundo\" \/>\r\n<script type=\"application\/ld+json\" class=\"yoast-schema-graph\">{\"@context\":\"https:\/\/schema.org\",\"@graph\":[{\"@type\":\"WebPage\",\"@id\":\"https:\/\/www.icog.es\/geologosdelmundo\/index.php\/plan-de-igualdad\/\",\"url\":\"https:\/\/www.icog.es\/geologosdelmundo\/index.php\/plan-de-igualdad\/\",\"name\":\"Plan de igualdad - Ge\u00f3logos del Mundo\",\"isPartOf\":{\"@id\":\"https:\/\/www.icog.es\/geologosdelmundo\/#website\"},\"primaryImageOfPage\":{\"@id\":\"https:\/\/www.icog.es\/geologosdelmundo\/index.php\/plan-de-igualdad\/#primaryimage\"},\"image\":{\"@id\":\"https:\/\/www.icog.es\/geologosdelmundo\/index.php\/plan-de-igualdad\/#primaryimage\"},\"thumbnailUrl\":\"https:\/\/www.icog.es\/geologosdelmundo\/wp-content\/uploads\/2020\/07\/proy_156_mujeres_trillando_sanluis_senegal.jpg\",\"datePublished\":\"2020-07-02T18:11:13+00:00\",\"dateModified\":\"2020-07-02T20:18:33+00:00\",\"breadcrumb\":{\"@id\":\"https:\/\/www.icog.es\/geologosdelmundo\/index.php\/plan-de-igualdad\/#breadcrumb\"},\"inLanguage\":\"es\",\"potentialAction\":[{\"@type\":\"ReadAction\",\"target\":[\"https:\/\/www.icog.es\/geologosdelmundo\/index.php\/plan-de-igualdad\/\"]}]},{\"@type\":\"ImageObject\",\"inLanguage\":\"es\",\"@id\":\"https:\/\/www.icog.es\/geologosdelmundo\/index.php\/plan-de-igualdad\/#primaryimage\",\"url\":\"https:\/\/www.icog.es\/geologosdelmundo\/wp-content\/uploads\/2020\/07\/proy_156_mujeres_trillando_sanluis_senegal.jpg\",\"contentUrl\":\"https:\/\/www.icog.es\/geologosdelmundo\/wp-content\/uploads\/2020\/07\/proy_156_mujeres_trillando_sanluis_senegal.jpg\",\"width\":1010,\"height\":414},{\"@type\":\"BreadcrumbList\",\"@id\":\"https:\/\/www.icog.es\/geologosdelmundo\/index.php\/plan-de-igualdad\/#breadcrumb\",\"itemListElement\":[{\"@type\":\"ListItem\",\"position\":1,\"name\":\"Portada\",\"item\":\"https:\/\/www.icog.es\/geologosdelmundo\/\"},{\"@type\":\"ListItem\",\"position\":2,\"name\":\"Plan de igualdad\"}]},{\"@type\":\"WebSite\",\"@id\":\"https:\/\/www.icog.es\/geologosdelmundo\/#website\",\"url\":\"https:\/\/www.icog.es\/geologosdelmundo\/\",\"name\":\"Ge\u00f3logos del Mundo\",\"description\":\"La ONG Ge\u00f3logos del Mundo es una organizaci\u00f3n no gubernamental sin \u00e1nimo de lucro, creada en Espa\u00f1a el a\u00f1o 1999.\",\"potentialAction\":[{\"@type\":\"SearchAction\",\"target\":{\"@type\":\"EntryPoint\",\"urlTemplate\":\"https:\/\/www.icog.es\/geologosdelmundo\/?s={search_term_string}\"},\"query-input\":{\"@type\":\"PropertyValueSpecification\",\"valueRequired\":true,\"valueName\":\"search_term_string\"}}],\"inLanguage\":\"es\"}]}<\/script>\r\n<!-- \/ Yoast SEO plugin. -->","yoast_head_json":{"title":"Plan de igualdad - Ge\u00f3logos del Mundo","robots":{"index":"index","follow":"follow","max-snippet":"max-snippet:-1","max-image-preview":"max-image-preview:large","max-video-preview":"max-video-preview:-1"},"canonical":"https:\/\/www.icog.es\/geologosdelmundo\/index.php\/plan-de-igualdad\/","og_locale":"es_ES","og_type":"article","og_title":"Plan de igualdad - Ge\u00f3logos del Mundo","og_description":"Este Plan de Igualdad nace con el objetivo de garantizar la igualdad real y efectiva de oportunidades entre mujeres y hombres. Para ello, el Plan de Igualdad contempla las actuales medidas que son de aplicaci\u00f3n en GM y propone una serie de medidas adicionales. Cualquier necesidad no contemplada en este plan ser\u00e1 tratada por la","og_url":"https:\/\/www.icog.es\/geologosdelmundo\/index.php\/plan-de-igualdad\/","og_site_name":"Ge\u00f3logos del Mundo","article_publisher":"https:\/\/www.facebook.com\/geologosdelmundo.worldgeologists","article_modified_time":"2020-07-02T20:18:33+00:00","og_image":[{"width":1010,"height":414,"url":"https:\/\/www.icog.es\/geologosdelmundo\/wp-content\/uploads\/2020\/07\/proy_156_mujeres_trillando_sanluis_senegal.jpg","type":"image\/jpeg"}],"twitter_card":"summary_large_image","twitter_site":"@Geologos_Mundo","schema":{"@context":"https:\/\/schema.org","@graph":[{"@type":"WebPage","@id":"https:\/\/www.icog.es\/geologosdelmundo\/index.php\/plan-de-igualdad\/","url":"https:\/\/www.icog.es\/geologosdelmundo\/index.php\/plan-de-igualdad\/","name":"Plan de igualdad - Ge\u00f3logos del Mundo","isPartOf":{"@id":"https:\/\/www.icog.es\/geologosdelmundo\/#website"},"primaryImageOfPage":{"@id":"https:\/\/www.icog.es\/geologosdelmundo\/index.php\/plan-de-igualdad\/#primaryimage"},"image":{"@id":"https:\/\/www.icog.es\/geologosdelmundo\/index.php\/plan-de-igualdad\/#primaryimage"},"thumbnailUrl":"https:\/\/www.icog.es\/geologosdelmundo\/wp-content\/uploads\/2020\/07\/proy_156_mujeres_trillando_sanluis_senegal.jpg","datePublished":"2020-07-02T18:11:13+00:00","dateModified":"2020-07-02T20:18:33+00:00","breadcrumb":{"@id":"https:\/\/www.icog.es\/geologosdelmundo\/index.php\/plan-de-igualdad\/#breadcrumb"},"inLanguage":"es","potentialAction":[{"@type":"ReadAction","target":["https:\/\/www.icog.es\/geologosdelmundo\/index.php\/plan-de-igualdad\/"]}]},{"@type":"ImageObject","inLanguage":"es","@id":"https:\/\/www.icog.es\/geologosdelmundo\/index.php\/plan-de-igualdad\/#primaryimage","url":"https:\/\/www.icog.es\/geologosdelmundo\/wp-content\/uploads\/2020\/07\/proy_156_mujeres_trillando_sanluis_senegal.jpg","contentUrl":"https:\/\/www.icog.es\/geologosdelmundo\/wp-content\/uploads\/2020\/07\/proy_156_mujeres_trillando_sanluis_senegal.jpg","width":1010,"height":414},{"@type":"BreadcrumbList","@id":"https:\/\/www.icog.es\/geologosdelmundo\/index.php\/plan-de-igualdad\/#breadcrumb","itemListElement":[{"@type":"ListItem","position":1,"name":"Portada","item":"https:\/\/www.icog.es\/geologosdelmundo\/"},{"@type":"ListItem","position":2,"name":"Plan de igualdad"}]},{"@type":"WebSite","@id":"https:\/\/www.icog.es\/geologosdelmundo\/#website","url":"https:\/\/www.icog.es\/geologosdelmundo\/","name":"Ge\u00f3logos del Mundo","description":"La ONG Ge\u00f3logos del Mundo es una organizaci\u00f3n no gubernamental sin \u00e1nimo de lucro, creada en Espa\u00f1a el a\u00f1o 1999.","potentialAction":[{"@type":"SearchAction","target":{"@type":"EntryPoint","urlTemplate":"https:\/\/www.icog.es\/geologosdelmundo\/?s={search_term_string}"},"query-input":{"@type":"PropertyValueSpecification","valueRequired":true,"valueName":"search_term_string"}}],"inLanguage":"es"}]}},"_links":{"self":[{"href":"https:\/\/www.icog.es\/geologosdelmundo\/index.php\/wp-json\/wp\/v2\/pages\/1317"}],"collection":[{"href":"https:\/\/www.icog.es\/geologosdelmundo\/index.php\/wp-json\/wp\/v2\/pages"}],"about":[{"href":"https:\/\/www.icog.es\/geologosdelmundo\/index.php\/wp-json\/wp\/v2\/types\/page"}],"author":[{"embeddable":true,"href":"https:\/\/www.icog.es\/geologosdelmundo\/index.php\/wp-json\/wp\/v2\/users\/2"}],"replies":[{"embeddable":true,"href":"https:\/\/www.icog.es\/geologosdelmundo\/index.php\/wp-json\/wp\/v2\/comments?post=1317"}],"version-history":[{"count":3,"href":"https:\/\/www.icog.es\/geologosdelmundo\/index.php\/wp-json\/wp\/v2\/pages\/1317\/revisions"}],"predecessor-version":[{"id":1338,"href":"https:\/\/www.icog.es\/geologosdelmundo\/index.php\/wp-json\/wp\/v2\/pages\/1317\/revisions\/1338"}],"wp:featuredmedia":[{"embeddable":true,"href":"https:\/\/www.icog.es\/geologosdelmundo\/index.php\/wp-json\/wp\/v2\/media\/1339"}],"wp:attachment":[{"href":"https:\/\/www.icog.es\/geologosdelmundo\/index.php\/wp-json\/wp\/v2\/media?parent=1317"}],"curies":[{"name":"wp","href":"https:\/\/api.w.org\/{rel}","templated":true}]}}