{"id":3705,"date":"2021-07-29T09:55:50","date_gmt":"2021-07-29T09:55:50","guid":{"rendered":"https:\/\/www.icog.es\/cursos\/?page_id=3705"},"modified":"2024-03-04T09:47:17","modified_gmt":"2024-03-04T09:47:17","slug":"agenda","status":"publish","type":"page","link":"https:\/\/www.icog.es\/cursos\/index.php\/agenda\/","title":{"rendered":"AGENDA"},"content":{"rendered":"","protected":false},"excerpt":{"rendered":"","protected":false},"author":1,"featured_media":3712,"parent":0,"menu_order":0,"comment_status":"closed","ping_status":"closed","template":"","meta":{"footnotes":""},"class_list":["post-3705","page","type-page","status-publish","has-post-thumbnail","hentry"],"yoast_head":"<!-- This site is optimized with the Yoast SEO plugin v25.4 - https:\/\/yoast.com\/wordpress\/plugins\/seo\/ -->\r\n<title>AGENDA - Escuela de Geolog\u00eda Profesional<\/title>\r\n<meta name=\"description\" content=\"Oferta formativa actualizada de la Escuela de Geolog\u00eda Profesional del Colegio Oficial de Ge\u00f3logos de Espa\u00f1a.\" \/>\r\n<meta name=\"robots\" content=\"index, follow, max-snippet:-1, max-image-preview:large, max-video-preview:-1\" \/>\r\n<link rel=\"canonical\" href=\"https:\/\/www.icog.es\/cursos\/index.php\/agenda\/\" \/>\r\n<meta name=\"twitter:card\" content=\"summary_large_image\" \/>\r\n<meta name=\"twitter:title\" content=\"AGENDA - Escuela de Geolog\u00eda Profesional\" \/>\r\n<meta name=\"twitter:description\" content=\"Oferta formativa actualizada de la Escuela de Geolog\u00eda Profesional del Colegio Oficial de Ge\u00f3logos de Espa\u00f1a.\" \/>\r\n<meta name=\"twitter:image\" content=\"https:\/\/www.icog.es\/cursos\/wp-content\/uploads\/2021\/07\/escuela_escudo.png\" \/>\r\n<meta name=\"twitter:site\" content=\"@cgeologos\" \/>\r\n<script type=\"application\/ld+json\" class=\"yoast-schema-graph\">{\"@context\":\"https:\/\/schema.org\",\"@graph\":[{\"@type\":\"WebPage\",\"@id\":\"https:\/\/www.icog.es\/cursos\/index.php\/agenda\/\",\"url\":\"https:\/\/www.icog.es\/cursos\/index.php\/agenda\/\",\"name\":\"AGENDA - Escuela de Geolog\u00eda Profesional\",\"isPartOf\":{\"@id\":\"https:\/\/www.icog.es\/cursos\/#website\"},\"primaryImageOfPage\":{\"@id\":\"https:\/\/www.icog.es\/cursos\/index.php\/agenda\/#primaryimage\"},\"image\":{\"@id\":\"https:\/\/www.icog.es\/cursos\/index.php\/agenda\/#primaryimage\"},\"thumbnailUrl\":\"https:\/\/www.icog.es\/cursos\/wp-content\/uploads\/2021\/07\/escuela_escudo.png\",\"datePublished\":\"2021-07-29T09:55:50+00:00\",\"dateModified\":\"2024-03-04T09:47:17+00:00\",\"description\":\"Oferta formativa actualizada de la Escuela de Geolog\u00eda Profesional del Colegio Oficial de Ge\u00f3logos de Espa\u00f1a.\",\"breadcrumb\":{\"@id\":\"https:\/\/www.icog.es\/cursos\/index.php\/agenda\/#breadcrumb\"},\"inLanguage\":\"es\",\"potentialAction\":[{\"@type\":\"ReadAction\",\"target\":[\"https:\/\/www.icog.es\/cursos\/index.php\/agenda\/\"]}]},{\"@type\":\"ImageObject\",\"inLanguage\":\"es\",\"@id\":\"https:\/\/www.icog.es\/cursos\/index.php\/agenda\/#primaryimage\",\"url\":\"https:\/\/www.icog.es\/cursos\/wp-content\/uploads\/2021\/07\/escuela_escudo.png\",\"contentUrl\":\"https:\/\/www.icog.es\/cursos\/wp-content\/uploads\/2021\/07\/escuela_escudo.png\",\"width\":806,\"height\":136},{\"@type\":\"BreadcrumbList\",\"@id\":\"https:\/\/www.icog.es\/cursos\/index.php\/agenda\/#breadcrumb\",\"itemListElement\":[{\"@type\":\"ListItem\",\"position\":1,\"name\":\"Portada\",\"item\":\"https:\/\/www.icog.es\/cursos\/\"},{\"@type\":\"ListItem\",\"position\":2,\"name\":\"AGENDA\"}]},{\"@type\":\"WebSite\",\"@id\":\"https:\/\/www.icog.es\/cursos\/#website\",\"url\":\"https:\/\/www.icog.es\/cursos\/\",\"name\":\"Escuela de Geolog\u00eda Profesional\",\"description\":\"Actividades formativas del Ilustre Colegio Oficial de Ge\u00f3logos (Espa\u00f1a)\",\"potentialAction\":[{\"@type\":\"SearchAction\",\"target\":{\"@type\":\"EntryPoint\",\"urlTemplate\":\"https:\/\/www.icog.es\/cursos\/?s={search_term_string}\"},\"query-input\":{\"@type\":\"PropertyValueSpecification\",\"valueRequired\":true,\"valueName\":\"search_term_string\"}}],\"inLanguage\":\"es\"}]}<\/script>\r\n<!-- \/ Yoast SEO plugin. -->","yoast_head_json":{"title":"AGENDA - Escuela de Geolog\u00eda Profesional","description":"Oferta formativa actualizada de la Escuela de Geolog\u00eda Profesional del Colegio Oficial de Ge\u00f3logos de Espa\u00f1a.","robots":{"index":"index","follow":"follow","max-snippet":"max-snippet:-1","max-image-preview":"max-image-preview:large","max-video-preview":"max-video-preview:-1"},"canonical":"https:\/\/www.icog.es\/cursos\/index.php\/agenda\/","twitter_card":"summary_large_image","twitter_title":"AGENDA - Escuela de Geolog\u00eda Profesional","twitter_description":"Oferta formativa actualizada de la Escuela de Geolog\u00eda Profesional del Colegio Oficial de Ge\u00f3logos de Espa\u00f1a.","twitter_image":"https:\/\/www.icog.es\/cursos\/wp-content\/uploads\/2021\/07\/escuela_escudo.png","twitter_site":"@cgeologos","schema":{"@context":"https:\/\/schema.org","@graph":[{"@type":"WebPage","@id":"https:\/\/www.icog.es\/cursos\/index.php\/agenda\/","url":"https:\/\/www.icog.es\/cursos\/index.php\/agenda\/","name":"AGENDA - Escuela de Geolog\u00eda Profesional","isPartOf":{"@id":"https:\/\/www.icog.es\/cursos\/#website"},"primaryImageOfPage":{"@id":"https:\/\/www.icog.es\/cursos\/index.php\/agenda\/#primaryimage"},"image":{"@id":"https:\/\/www.icog.es\/cursos\/index.php\/agenda\/#primaryimage"},"thumbnailUrl":"https:\/\/www.icog.es\/cursos\/wp-content\/uploads\/2021\/07\/escuela_escudo.png","datePublished":"2021-07-29T09:55:50+00:00","dateModified":"2024-03-04T09:47:17+00:00","description":"Oferta formativa actualizada de la Escuela de Geolog\u00eda Profesional del Colegio Oficial de Ge\u00f3logos de Espa\u00f1a.","breadcrumb":{"@id":"https:\/\/www.icog.es\/cursos\/index.php\/agenda\/#breadcrumb"},"inLanguage":"es","potentialAction":[{"@type":"ReadAction","target":["https:\/\/www.icog.es\/cursos\/index.php\/agenda\/"]}]},{"@type":"ImageObject","inLanguage":"es","@id":"https:\/\/www.icog.es\/cursos\/index.php\/agenda\/#primaryimage","url":"https:\/\/www.icog.es\/cursos\/wp-content\/uploads\/2021\/07\/escuela_escudo.png","contentUrl":"https:\/\/www.icog.es\/cursos\/wp-content\/uploads\/2021\/07\/escuela_escudo.png","width":806,"height":136},{"@type":"BreadcrumbList","@id":"https:\/\/www.icog.es\/cursos\/index.php\/agenda\/#breadcrumb","itemListElement":[{"@type":"ListItem","position":1,"name":"Portada","item":"https:\/\/www.icog.es\/cursos\/"},{"@type":"ListItem","position":2,"name":"AGENDA"}]},{"@type":"WebSite","@id":"https:\/\/www.icog.es\/cursos\/#website","url":"https:\/\/www.icog.es\/cursos\/","name":"Escuela de Geolog\u00eda Profesional","description":"Actividades formativas del Ilustre Colegio Oficial de Ge\u00f3logos (Espa\u00f1a)","potentialAction":[{"@type":"SearchAction","target":{"@type":"EntryPoint","urlTemplate":"https:\/\/www.icog.es\/cursos\/?s={search_term_string}"},"query-input":{"@type":"PropertyValueSpecification","valueRequired":true,"valueName":"search_term_string"}}],"inLanguage":"es"}]}},"amp_enabled":true,"_links":{"self":[{"href":"https:\/\/www.icog.es\/cursos\/index.php\/wp-json\/wp\/v2\/pages\/3705","targetHints":{"allow":["GET"]}}],"collection":[{"href":"https:\/\/www.icog.es\/cursos\/index.php\/wp-json\/wp\/v2\/pages"}],"about":[{"href":"https:\/\/www.icog.es\/cursos\/index.php\/wp-json\/wp\/v2\/types\/page"}],"author":[{"embeddable":true,"href":"https:\/\/www.icog.es\/cursos\/index.php\/wp-json\/wp\/v2\/users\/1"}],"replies":[{"embeddable":true,"href":"https:\/\/www.icog.es\/cursos\/index.php\/wp-json\/wp\/v2\/comments?post=3705"}],"version-history":[{"count":5,"href":"https:\/\/www.icog.es\/cursos\/index.php\/wp-json\/wp\/v2\/pages\/3705\/revisions"}],"predecessor-version":[{"id":4250,"href":"https:\/\/www.icog.es\/cursos\/index.php\/wp-json\/wp\/v2\/pages\/3705\/revisions\/4250"}],"wp:featuredmedia":[{"embeddable":true,"href":"https:\/\/www.icog.es\/cursos\/index.php\/wp-json\/wp\/v2\/media\/3712"}],"wp:attachment":[{"href":"https:\/\/www.icog.es\/cursos\/index.php\/wp-json\/wp\/v2\/media?parent=3705"}],"curies":[{"name":"wp","href":"https:\/\/api.w.org\/{rel}","templated":true}]}}