{"id":1992,"date":"2016-06-08T15:01:04","date_gmt":"2016-06-08T15:01:04","guid":{"rendered":"http:\/\/www.icog.es\/cursos\/?page_id=1992"},"modified":"2016-06-08T15:01:04","modified_gmt":"2016-06-08T15:01:04","slug":"profesorado","status":"publish","type":"page","link":"https:\/\/www.icog.es\/cursos\/index.php\/profesorado\/","title":{"rendered":"Profesorado"},"content":{"rendered":"<p style=\"text-align: justify;\">Los profesionales que imparten nuestros cursos cuentan con una experiencia en entre 8 y 3o. Exigi\u00e9ndoles una obligatoria puesta al d\u00eda de las materias impartidas.<\/p>\n","protected":false},"excerpt":{"rendered":"<p>Los profesionales que imparten nuestros cursos cuentan con una experiencia en entre 8 y 3o. Exigi\u00e9ndoles una obligatoria puesta al d\u00eda de las materias impartidas.<\/p>\n","protected":false},"author":1,"featured_media":1328,"parent":0,"menu_order":0,"comment_status":"closed","ping_status":"closed","template":"","meta":{"footnotes":""},"class_list":["post-1992","page","type-page","status-publish","has-post-thumbnail","hentry"],"yoast_head":"<!-- This site is optimized with the Yoast SEO plugin v25.4 - https:\/\/yoast.com\/wordpress\/plugins\/seo\/ -->\r\n<title>Profesorado - Escuela de Geolog\u00eda Profesional<\/title>\r\n<meta name=\"robots\" content=\"index, follow, max-snippet:-1, max-image-preview:large, max-video-preview:-1\" \/>\r\n<link rel=\"canonical\" href=\"https:\/\/www.icog.es\/cursos\/index.php\/profesorado\/\" \/>\r\n<meta name=\"twitter:card\" content=\"summary_large_image\" \/>\r\n<meta name=\"twitter:title\" content=\"Profesorado - Escuela de Geolog\u00eda Profesional\" \/>\r\n<meta name=\"twitter:description\" content=\"Los profesionales que imparten nuestros cursos cuentan con una experiencia en entre 8 y 3o. Exigi\u00e9ndoles una obligatoria puesta al d\u00eda de las materias impartidas.\" \/>\r\n<meta name=\"twitter:image\" content=\"https:\/\/www.icog.es\/cursos\/wp-content\/uploads\/2014\/12\/P1070040-e1448292965196.jpg\" \/>\r\n<meta name=\"twitter:site\" content=\"@cgeologos\" \/>\r\n<script type=\"application\/ld+json\" class=\"yoast-schema-graph\">{\"@context\":\"https:\/\/schema.org\",\"@graph\":[{\"@type\":\"WebPage\",\"@id\":\"https:\/\/www.icog.es\/cursos\/index.php\/profesorado\/\",\"url\":\"https:\/\/www.icog.es\/cursos\/index.php\/profesorado\/\",\"name\":\"Profesorado - Escuela de Geolog\u00eda Profesional\",\"isPartOf\":{\"@id\":\"https:\/\/www.icog.es\/cursos\/#website\"},\"primaryImageOfPage\":{\"@id\":\"https:\/\/www.icog.es\/cursos\/index.php\/profesorado\/#primaryimage\"},\"image\":{\"@id\":\"https:\/\/www.icog.es\/cursos\/index.php\/profesorado\/#primaryimage\"},\"thumbnailUrl\":\"https:\/\/www.icog.es\/cursos\/wp-content\/uploads\/2014\/12\/P1070040-e1448292965196.jpg\",\"datePublished\":\"2016-06-08T15:01:04+00:00\",\"breadcrumb\":{\"@id\":\"https:\/\/www.icog.es\/cursos\/index.php\/profesorado\/#breadcrumb\"},\"inLanguage\":\"es\",\"potentialAction\":[{\"@type\":\"ReadAction\",\"target\":[\"https:\/\/www.icog.es\/cursos\/index.php\/profesorado\/\"]}]},{\"@type\":\"ImageObject\",\"inLanguage\":\"es\",\"@id\":\"https:\/\/www.icog.es\/cursos\/index.php\/profesorado\/#primaryimage\",\"url\":\"https:\/\/www.icog.es\/cursos\/wp-content\/uploads\/2014\/12\/P1070040-e1448292965196.jpg\",\"contentUrl\":\"https:\/\/www.icog.es\/cursos\/wp-content\/uploads\/2014\/12\/P1070040-e1448292965196.jpg\",\"width\":3648,\"height\":2736,\"caption\":\"Durante la clausura del Curso de Planetolog\u00eda y Astrobiolog\u00eda. En representaci\u00f3n de todos: De izquierda a derecha: Juan Gregorio Rejas Ayuga, profesor (INTA), Jes\u00fas Mart\u00ednez-Fr\u00edas (Director y profesor del Curso y Director de REDESPA (IGEO, CSIC-UCM), Carlos Mart\u00ednez Navarrete, Secretario General y Director de la Escuela Profesional (ICOG) e IGME. Eva Mateo-Mart\u00ed, profesora del Curso (CAB, CSIC-INTA), Rosa de la Torre, Vice Directora de REDESPA y profesora del Curso (INTA), Eduardo Gonz\u00e1lez Pastor, profesor del Curso (CAB, CSIC-INTA) y Enrique Pampliega Higueras, Jefe de Administraci\u00f3n y Calidad (ICOG) y profesor del Curso.\"},{\"@type\":\"BreadcrumbList\",\"@id\":\"https:\/\/www.icog.es\/cursos\/index.php\/profesorado\/#breadcrumb\",\"itemListElement\":[{\"@type\":\"ListItem\",\"position\":1,\"name\":\"Portada\",\"item\":\"https:\/\/www.icog.es\/cursos\/\"},{\"@type\":\"ListItem\",\"position\":2,\"name\":\"Profesorado\"}]},{\"@type\":\"WebSite\",\"@id\":\"https:\/\/www.icog.es\/cursos\/#website\",\"url\":\"https:\/\/www.icog.es\/cursos\/\",\"name\":\"Escuela de Geolog\u00eda Profesional\",\"description\":\"Actividades formativas del Ilustre Colegio Oficial de Ge\u00f3logos (Espa\u00f1a)\",\"potentialAction\":[{\"@type\":\"SearchAction\",\"target\":{\"@type\":\"EntryPoint\",\"urlTemplate\":\"https:\/\/www.icog.es\/cursos\/?s={search_term_string}\"},\"query-input\":{\"@type\":\"PropertyValueSpecification\",\"valueRequired\":true,\"valueName\":\"search_term_string\"}}],\"inLanguage\":\"es\"}]}<\/script>\r\n<!-- \/ Yoast SEO plugin. -->","yoast_head_json":{"title":"Profesorado - Escuela de Geolog\u00eda Profesional","robots":{"index":"index","follow":"follow","max-snippet":"max-snippet:-1","max-image-preview":"max-image-preview:large","max-video-preview":"max-video-preview:-1"},"canonical":"https:\/\/www.icog.es\/cursos\/index.php\/profesorado\/","twitter_card":"summary_large_image","twitter_title":"Profesorado - Escuela de Geolog\u00eda Profesional","twitter_description":"Los profesionales que imparten nuestros cursos cuentan con una experiencia en entre 8 y 3o. Exigi\u00e9ndoles una obligatoria puesta al d\u00eda de las materias impartidas.","twitter_image":"https:\/\/www.icog.es\/cursos\/wp-content\/uploads\/2014\/12\/P1070040-e1448292965196.jpg","twitter_site":"@cgeologos","schema":{"@context":"https:\/\/schema.org","@graph":[{"@type":"WebPage","@id":"https:\/\/www.icog.es\/cursos\/index.php\/profesorado\/","url":"https:\/\/www.icog.es\/cursos\/index.php\/profesorado\/","name":"Profesorado - Escuela de Geolog\u00eda Profesional","isPartOf":{"@id":"https:\/\/www.icog.es\/cursos\/#website"},"primaryImageOfPage":{"@id":"https:\/\/www.icog.es\/cursos\/index.php\/profesorado\/#primaryimage"},"image":{"@id":"https:\/\/www.icog.es\/cursos\/index.php\/profesorado\/#primaryimage"},"thumbnailUrl":"https:\/\/www.icog.es\/cursos\/wp-content\/uploads\/2014\/12\/P1070040-e1448292965196.jpg","datePublished":"2016-06-08T15:01:04+00:00","breadcrumb":{"@id":"https:\/\/www.icog.es\/cursos\/index.php\/profesorado\/#breadcrumb"},"inLanguage":"es","potentialAction":[{"@type":"ReadAction","target":["https:\/\/www.icog.es\/cursos\/index.php\/profesorado\/"]}]},{"@type":"ImageObject","inLanguage":"es","@id":"https:\/\/www.icog.es\/cursos\/index.php\/profesorado\/#primaryimage","url":"https:\/\/www.icog.es\/cursos\/wp-content\/uploads\/2014\/12\/P1070040-e1448292965196.jpg","contentUrl":"https:\/\/www.icog.es\/cursos\/wp-content\/uploads\/2014\/12\/P1070040-e1448292965196.jpg","width":3648,"height":2736,"caption":"Durante la clausura del Curso de Planetolog\u00eda y Astrobiolog\u00eda. En representaci\u00f3n de todos: De izquierda a derecha: Juan Gregorio Rejas Ayuga, profesor (INTA), Jes\u00fas Mart\u00ednez-Fr\u00edas (Director y profesor del Curso y Director de REDESPA (IGEO, CSIC-UCM), Carlos Mart\u00ednez Navarrete, Secretario General y Director de la Escuela Profesional (ICOG) e IGME. Eva Mateo-Mart\u00ed, profesora del Curso (CAB, CSIC-INTA), Rosa de la Torre, Vice Directora de REDESPA y profesora del Curso (INTA), Eduardo Gonz\u00e1lez Pastor, profesor del Curso (CAB, CSIC-INTA) y Enrique Pampliega Higueras, Jefe de Administraci\u00f3n y Calidad (ICOG) y profesor del Curso."},{"@type":"BreadcrumbList","@id":"https:\/\/www.icog.es\/cursos\/index.php\/profesorado\/#breadcrumb","itemListElement":[{"@type":"ListItem","position":1,"name":"Portada","item":"https:\/\/www.icog.es\/cursos\/"},{"@type":"ListItem","position":2,"name":"Profesorado"}]},{"@type":"WebSite","@id":"https:\/\/www.icog.es\/cursos\/#website","url":"https:\/\/www.icog.es\/cursos\/","name":"Escuela de Geolog\u00eda Profesional","description":"Actividades formativas del Ilustre Colegio Oficial de Ge\u00f3logos (Espa\u00f1a)","potentialAction":[{"@type":"SearchAction","target":{"@type":"EntryPoint","urlTemplate":"https:\/\/www.icog.es\/cursos\/?s={search_term_string}"},"query-input":{"@type":"PropertyValueSpecification","valueRequired":true,"valueName":"search_term_string"}}],"inLanguage":"es"}]}},"amp_enabled":true,"_links":{"self":[{"href":"https:\/\/www.icog.es\/cursos\/index.php\/wp-json\/wp\/v2\/pages\/1992","targetHints":{"allow":["GET"]}}],"collection":[{"href":"https:\/\/www.icog.es\/cursos\/index.php\/wp-json\/wp\/v2\/pages"}],"about":[{"href":"https:\/\/www.icog.es\/cursos\/index.php\/wp-json\/wp\/v2\/types\/page"}],"author":[{"embeddable":true,"href":"https:\/\/www.icog.es\/cursos\/index.php\/wp-json\/wp\/v2\/users\/1"}],"replies":[{"embeddable":true,"href":"https:\/\/www.icog.es\/cursos\/index.php\/wp-json\/wp\/v2\/comments?post=1992"}],"version-history":[{"count":5,"href":"https:\/\/www.icog.es\/cursos\/index.php\/wp-json\/wp\/v2\/pages\/1992\/revisions"}],"predecessor-version":[{"id":2633,"href":"https:\/\/www.icog.es\/cursos\/index.php\/wp-json\/wp\/v2\/pages\/1992\/revisions\/2633"}],"wp:featuredmedia":[{"embeddable":true,"href":"https:\/\/www.icog.es\/cursos\/index.php\/wp-json\/wp\/v2\/media\/1328"}],"wp:attachment":[{"href":"https:\/\/www.icog.es\/cursos\/index.php\/wp-json\/wp\/v2\/media?parent=1992"}],"curies":[{"name":"wp","href":"https:\/\/api.w.org\/{rel}","templated":true}]}}