{"version":"1.0","provider_name":"Colegio de Ge\u00f3logos de Asturias","provider_url":"https:\/\/www.icog.es\/asturias","title":"Convocatoria de Asamblea Ordinaria Anual - Colegio de Ge\u00f3logos de Asturias","type":"rich","width":600,"height":338,"html":"<blockquote class=\"wp-embedded-content\" data-secret=\"FW1fJmHnmo\"><a href=\"https:\/\/www.icog.es\/asturias\/2014\/01\/convocatoria-de-asamblea-ordinaria-anual\/\">Convocatoria de Asamblea Ordinaria Anual<\/a><\/blockquote><iframe sandbox=\"allow-scripts\" security=\"restricted\" src=\"https:\/\/www.icog.es\/asturias\/2014\/01\/convocatoria-de-asamblea-ordinaria-anual\/embed\/#?secret=FW1fJmHnmo\" width=\"600\" height=\"338\" title=\"\u00abConvocatoria de Asamblea Ordinaria Anual\u00bb \u2014 Colegio de Ge\u00f3logos de Asturias\" data-secret=\"FW1fJmHnmo\" frameborder=\"0\" marginwidth=\"0\" marginheight=\"0\" scrolling=\"no\" class=\"wp-embedded-content\"><\/iframe><script type=\"text\/javascript\">\n\/* <![CDATA[ *\/\n\/*! This file is auto-generated *\/\n!function(d,l){\"use strict\";l.querySelector&&d.addEventListener&&\"undefined\"!=typeof URL&&(d.wp=d.wp||{},d.wp.receiveEmbedMessage||(d.wp.receiveEmbedMessage=function(e){var t=e.data;if((t||t.secret||t.message||t.value)&&!\/[^a-zA-Z0-9]\/.test(t.secret)){for(var s,r,n,a=l.querySelectorAll('iframe[data-secret=\"'+t.secret+'\"]'),o=l.querySelectorAll('blockquote[data-secret=\"'+t.secret+'\"]'),c=new RegExp(\"^https?:$\",\"i\"),i=0;i<o.length;i++)o[i].style.display=\"none\";for(i=0;i<a.length;i++)s=a[i],e.source===s.contentWindow&&(s.removeAttribute(\"style\"),\"height\"===t.message?(1e3<(r=parseInt(t.value,10))?r=1e3:~~r<200&&(r=200),s.height=r):\"link\"===t.message&&(r=new URL(s.getAttribute(\"src\")),n=new URL(t.value),c.test(n.protocol))&&n.host===r.host&&l.activeElement===s&&(d.top.location.href=t.value))}},d.addEventListener(\"message\",d.wp.receiveEmbedMessage,!1),l.addEventListener(\"DOMContentLoaded\",function(){for(var e,t,s=l.querySelectorAll(\"iframe.wp-embedded-content\"),r=0;r<s.length;r++)(t=(e=s[r]).getAttribute(\"data-secret\"))||(t=Math.random().toString(36).substring(2,12),e.src+=\"#?secret=\"+t,e.setAttribute(\"data-secret\",t)),e.contentWindow.postMessage({message:\"ready\",secret:t},\"*\")},!1)))}(window,document);\n\/* ]]> *\/\n<\/script>\n","thumbnail_url":"https:\/\/www.icog.es\/asturias\/wp-content\/uploads\/2013\/12\/log_icogWEB_23.jpg","thumbnail_width":523,"thumbnail_height":326,"description":"&nbsp; &nbsp; Como corresponde por esta \u00e9poca ha sido convocada la ASAMBLEA ORDINARIA anual de la Delegaci\u00f3n asturiana del Ilustre Colegio Oficial de Ge\u00f3logos. La reuni\u00f3n tendr\u00e1 lugar el d\u00eda 28 de febrero en el Aula F de la Facultad &hellip; Sigue leyendo &rarr;"}

Colegio de Geólogos de Asturias

Convocatoria de Asamblea Ordinaria Anual - Colegio de Geólogos de Asturias

<blockquote class="wp-embedded-content" data-secret="FW1fJmHnmo"><a href="https://www.icog.es/asturias/2014/01/convocatoria-de-asamblea-ordinaria-anual/">Convocatoria de Asamblea Ordinaria Anual</a></blockquote><iframe sandbox="allow-scripts" security="restricted" src="https://www.icog.es/asturias/2014/01/convocatoria-de-asamblea-ordinaria-anual/embed/#?secret=FW1fJmHnmo" width="600" height="338" title="«Convocatoria de Asamblea Ordinaria Anual» — Colegio de Geólogos de Asturias" data-secret="FW1fJmHnmo" frameborder="0" marginwidth="0" marginheight="0" scrolling="no" class="wp-embedded-content"></iframe><script type="text/javascript">
/* <![CDATA[ */
/*! This file is auto-generated */
!function(d,l){"use strict";l.querySelector&&d.addEventListener&&"undefined"!=typeof URL&&(d.wp=d.wp||{},d.wp.receiveEmbedMessage||(d.wp.receiveEmbedMessage=function(e){var t=e.data;if((t||t.secret||t.message||t.value)&&!/[^a-zA-Z0-9]/.test(t.secret)){for(var s,r,n,a=l.querySelectorAll('iframe[data-secret="'+t.secret+'"]'),o=l.querySelectorAll('blockquote[data-secret="'+t.secret+'"]'),c=new RegExp("^https?:$","i"),i=0;i<o.length;i++)o[i].style.display="none";for(i=0;i<a.length;i++)s=a[i],e.source===s.contentWindow&&(s.removeAttribute("style"),"height"===t.message?(1e3<(r=parseInt(t.value,10))?r=1e3:~~r<200&&(r=200),s.height=r):"link"===t.message&&(r=new URL(s.getAttribute("src")),n=new URL(t.value),c.test(n.protocol))&&n.host===r.host&&l.activeElement===s&&(d.top.location.href=t.value))}},d.addEventListener("message",d.wp.receiveEmbedMessage,!1),l.addEventListener("DOMContentLoaded",function(){for(var e,t,s=l.querySelectorAll("iframe.wp-embedded-content"),r=0;r<s.length;r++)(t=(e=s[r]).getAttribute("data-secret"))||(t=Math.random().toString(36).substring(2,12),e.src+="#?secret="+t,e.setAttribute("data-secret",t)),e.contentWindow.postMessage({message:"ready",secret:t},"*")},!1)))}(window,document);
/* ]]> */
</script>

&nbsp; &nbsp; Como corresponde por esta época ha sido convocada la ASAMBLEA ORDINARIA anual de la Delegación asturiana del Ilustre Colegio Oficial de Geólogos. La reunión tendrá lugar el día 28 de febrero en el Aula F de la Facultad &hellip; Sigue leyendo &rarr;
